 c(s) = 11*a(s) - 6*n(s). Calculate c(4).
0
Let i(w) = 3*w**2 - 31*w - 34. Let p(f) = -2*f**2 + 21*f + 23. Let x(q) = 5*i(q) + 7*p(q). Let u(o) = -110*o - 101. Let y be u(-1). Calculate x(y).
0
Let r(l) be the third derivative of l**6/360 + 7*l**5/120 - l**4/8 - 2*l**3 - l**2. Let i(c) be the first derivative of r(c). Give i(-6).
-9
Let r(b) = 3*b**2 - 158*b - 57. Let g be r(53). Let f(k) = -10*k - 35. Determine f(g).
5
Let f(x) = -x + 9. Let v(n) be the first derivative of -2*n**3/3 - 13*n**2/2 + 11*n - 50. Let o be v(-7). Give f(o).
5
Let h be -2 - 160/(-6) - (-2)/6. Let v(m) = m**3 + h - 34 + 25. Calculate v(0).
16
Let a(l) be the third derivative of -l**6/120 + l**5/15 - l**4/8 - l**3/3 - 5*l**2. Let i(b) = -b - 4*b + 4*b. Let t be i(-3). Calculate a(t).
-2
Let j(z) = -z**2 + 6*z. Let w be j(5). Let l(g) be the first derivative of g**3/6 + 3*g**2/2 - 34*g - 2. Let d(h) be the first derivative of l(h). Give d(w).
8
Let l(d) = -d + 11. Suppose -11*q = 72 + 38. Determine l(q).
21
Let c(b) = b**2 + 4*b - 3. Let p = 53 - 53. Suppose k + 1 = p, 2*q + 13 - 5 = -2*k. Calculate c(q).
-6
Suppose 0 = 23*h + 8 + 1 - 9. Let t(p) be the first derivative of p**3/3 - p**2/2 - p + 1. Calculate t(h).
-1
Suppose -3*y + 10 = 2*y + h, -y + 2 = 5*h. Let r be ((-6)/(-1))/y + 0. Suppose 0 = -r*z + 8*z - 20. Let d(a) = -a - 2. Determine d(z).
-6
Let j(c) be the second derivative of -c**5/20 + c**4/6 - 3*c**2/2 - c. Let q(o) = 2*o**2 - 20*o + 51. Let k be q(6). Determine j(k).
-12
Let s(l) be the third derivative of l**7/5040 + 7*l**6/720 - l**5/3 - 9*l**2. Let r(i) be the third derivative of s(i). What is r(7)?
14
Let l(z) = -3*z**3 - 2*z**2 + 1. Let r(c) = -3*c**3 + 24*c**2 - 10*c + 81. Let d be r(8). Determine l(d).
-4
Let q = -1342 - -1349. Let d(k) = 9*k - 66. Determine d(q).
-3
Let n(a) = -a + 9. Let y be 518/35 + 2 + 14/(-5). Calculate n(y).
-5
Let l(w) = -2 + 2*w - 8 - 4. Let v be 2/((-55)/(-25) - 2). Calculate l(v).
6
Let m(q) = 12*q - 23. Let w(c) = 10*c - 21. Let h(f) = -6*m(f) + 7*w(f). Determine h(7).
-23
Suppose 510 = 5*t + 75. Let h = t - 83. Let a(z) = -z**3 + 5*z**2 - 3*z - 5. Determine a(h).
-1
Suppose -4*c + 35 = 3*g, 2*c - 3 = -3*g + 22. Suppose -y - 19 = 3*u - c, 2*u = -6. Let b(w) = -w**2 - 7*w - 3. Determine b(y).
7
Let m(v) = -4*v**2 + 3*v. Let o(c) = 3*c**2 - 4*c + 3. Let g be o(1). Suppose -6*t = -5*t - g. Determine m(t).
-10
Let h be -3 + 6 + 1 + -1. Let x be 4/(h - -1) + 1. Let b(t) = -5*t**2 + x*t**2 - 2*t**2 + t**3 - 8*t + 4 + 3. Give b(6).
-5
Let j(a) = -5*a - 46. Let d be j(-11). Let y(v) = -v + 12. Give y(d).
3
Let l(c) = 15*c - 7. Let x(b) = 42*b - 20. Let r(k) = -17*l(k) + 6*x(k). Give r(-5).
14
Let h(x) be the third derivative of -x**6/24 + x**5/20 - x**4/8 - 5*x**2 - 4*x. What is h(2)?
-34
Suppose 5*l = -x + 10, 3*x + 2*x + 2 = l. Let a(p) = 11*p - 3*p**l + 3*p - 4*p - 10 + 2*p**2. What is a(8)?
6
Let k(y) = 10 - 6 + 5*y - y - 2*y - 3*y. Let o = 12 - 9. What is k(o)?
1
Suppose -5*d + 14 = -21. Suppose -5*j + d*j = 726. Let b(g) = j + 0*g - 361 - g. Calculate b(0).
2
Suppose 5*d = 10, 4*k = 3*d - 0*d + 2. Suppose 5*a - 4*b - 21 = 0, -25 = -4*a + k*b - 7*b. Let f be (3 + (-17)/a)*15. Let u(z) = z**2 + 5*z - 5. Give u(f).
1
Let p(i) = i - 9. Suppose 0*x - 4*x + 253 = -b, 5*x - 312 = -3*b. Let n be 8/12*x/6. Give p(n).
-2
Let d be (-2)/3*18/(-12). Let g be (-4 + 3)*(d - -2). Let n(h) = 3 + 2*h**2 + 5*h - h**2 + h**2. What is n(g)?
6
Let x(i) = -i**3 + 7*i**2 - i - 3. Let r(y) = -y**3 + 3*y**2 + 18*y + 7. Let w be r(6). Determine x(w).
-10
Let j(u) = 7*u + 40*u**2 + 5 - 4*u**2 - 10*u**2 - 9*u**2 - 16*u**2. Give j(-9).
23
Let u(f) be the third derivative of 7*f**5/60 - 7*f**4/24 - 3*f**3 + 6*f**2. Let h(b) = -3*b**2 + 4*b + 9. Let c(j) = 5*h(j) + 2*u(j). Calculate c(7).
2
Let t(y) = 3*y**2 - 2*y + 1. Suppose 3*c + v - 6*v - 3 = 0, 3*v = 3*c - 3. Give t(c).
2
Let v(w) = -3 + 80*w - 82*w + 5 + 1. Determine v(-7).
17
Suppose 7*j + 11 + 10 = 0. Let o(a) = -2 + 1 - 3*a + 2 + 4*a. Calculate o(j).
-2
Let b(t) be the first derivative of -3*t**2 + 2*t + 555. Calculate b(-4).
26
Let d(z) = z**2 - 9*z + 19. Let n be d(2). Let o(j) = -j + 2. What is o(n)?
-3
Let g(p) = 5*p**2 + 2*p - 2. Suppose 186*d - 179*d = 7. Determine g(d).
5
Let m = 32 - 29. Let s(g) = 5 - 4 - g**m - g - 1 - 5*g**2 + 1. Let r = 7 - 11. What is s(r)?
-11
Suppose 4*f = u + 7, 0 = -5*u + f + f + 1. Let d(s) = 39*s**2 + s. Give d(u).
40
Let k be (-11)/((-968)/(-16)) - (-4)/22. Let z(s) = s**2 - s - 26. Determine z(k).
-26
Let t(g) be the second derivative of -g**3 + 3*g**2/2 - 33*g + 9. Give t(-6).
39
Let l = 10 - 6. Let j(b) = -b + 71 - 181 + 59 + 54. Calculate j(l).
-1
Let q(d) = d**2 - 12*d - 7. Let u = 212 - 202. Determine q(u).
-27
Let m(x) = 8*x**3 + 2*x**2 - 2*x + 1. Let g = 4 - 4. Let h(p) = 5 + g - p + 3*p - p. Let j be h(-4). What is m(j)?
9
Let w be 2/(-13) - (580/(-390) + -1). Let o(d) be the first derivative of -1/4*d**4 + w*d**3 - 3*d**2 + 8 + 0*d. Calculate o(6).
0
Suppose 123*f + 527 = 106*f. Let h(d) = -d**2 - 27*d + 118. Determine h(f).
-6
Let j = 2 - 5. Let d(m) = 2*m**3 - 3*m**2 - 8*m - 4. Let p(l) = l**3 - l. Suppose -5*i + 6*i - 4 = 0, 4*i - 21 = -5*x. Let q(n) = x*d(n) - 3*p(n). What is q(j)?
11
Suppose -4*k = 2*d - 2, 0 = -0*d - 2*d - 10. Suppose -17*t = -12*t - 15. Let r(b) = -3*b**k - 6*b**2 - 5*b + 4*b**t - 2*b**3 - 3. What is r(-4)?
-15
Suppose 32 = -2*g + 266. Let j(p) = g - p + 4*p**3 + 0*p**2 - 116 + p**2. Calculate j(1).
5
Let t(p) = p**2 - 8*p + 9. Let d be t(7). Let v(u) = -u**d - u + 7 - 7*u - 1 + 9*u. Let x be (20/(-6))/(2/(-3)). What is v(x)?
-14
Let x = 1 - 1. Let q = 163 + -161. Let l(w) = -3 + 4 - 7 - w**3 + 2*w**q - 3*w**2. Determine l(x).
-6
Let b(s) = s**3 - 14*s**2 + 28*s + 9. Let c be b(12). Let a(t) = 44*t - 40*t - c + 61. Determine a(-3).
-8
Let d(f) = -2*f**2 + 6*f. Suppose 0*a - 21 = -7*a. Suppose -3*u + a*o + 14 = 5*o, 5*u - 22 = -2*o. Determine d(u).
-8
Suppose 105 = 4*x + 5*d, 5*x - 213 = -d - 66. Suppose -10 = -5*n - x. Let v be ((-15)/(-6))/(n/(-8)). Let y(z) = -z - 4. Give y(v).
-9
Let d be (-7 - -13)*4/6. Let c(v) be the first derivative of -1 - d*v + 1/3*v**3 + 2*v**2. Calculate c(-4).
-4
Let k(g) = g**2 + 12*g + 8. Let l(x) = -x**3 + 15*x**2 + 19*x - 56. Let i be l(16). Calculate k(i).
-24
Let f = 11 + -3. Let y(t) = t**3 - 7*t**2 - 7*t - 6. Determine y(f).
2
Suppose -3*l - 14 = h, 2*l + 2*l = 3*h - 10. Let f = l - -6. Suppose x = -f*x + 6. Let q(z) = -z**2 + 2*z - 3. What is q(x)?
-3
Let q(a) be the second derivative of -a**5/20 - 5*a**4/12 - a**3/6 + 3*a**2/2 - 57*a. Calculate q(-3).
-12
Let x be 2 - (4 - 5) - 0. Suppose -4*n - p = p - 12, x*n + p = 10. Let i(u) = -6*u**2 + 5*u + 7 + n*u**2 + u**2. Determine i(6).
1
Let p(z) = -2*z**3 + 2*z + 3. Suppose 3*x = -2 + 14. Let m be ((-10)/4 - -3)*-12. Let s = x + m. Calculate p(s).
15
Suppose -3*z - 14 = -5*z. Let c(k) be the third derivative of -k**4/24 + 2*k**3/3 - 16*k**2. Let n be c(z). Let f(g) = 4*g + 1. Determine f(n).
-11
Let d be -1*((-6)/1)/2. Suppose 4*u - 2 = -0*u - 2*a, -a = d*u - 4. Let j(p) = 2*p**2 - 2*p + 1. Calculate j(u).
13
Let x(r) = -19 - 6*r - 4*r - r**2 - 21 - 5*r. Let m be x(-11). Let f(b) = -b + 9. What is f(m)?
5
Let g(s) = 5*s**3 + 3*s**2 - 8*s - 5. Let n(x) = -17*x**3 - 9*x**2 + 24*x + 15. Let l(z) = 7*g(z) + 2*n(z). Give l(-5).
-15
Suppose -12*c + 9*c = -9. Suppose 4*h - c*h - 17 = 0. Let n = h + -18. Let s(o) = 20*o**2 - o. Calculate s(n).
21
Let w(l) be the third derivative of l**6/120 - l**5/20 + l**4/8 - 2*l**3/3 - l**2. Suppose -z - 698 = -5*d, -708 = -5*d + 2*z - 6*z. Let t = 143 - d. Give w(t).
5
Let i = -70 + 76. Let p(t) = -1 + i*t + 38*t**3 - 3*t - 39*t**3 + t**2. Determine p(3).
-10
Suppose 4*t - 17 = -5, -2*t = g - 3. Let w(r) = -2*r**2 - 9*r - 6. Give w(g).
3
Let y(h) be the second derivative of h**5/20 - 5*h**4/12 + h**3/6 + 5*h**2/2 + 288*h. Calculate y(4).
-7
Let f(c) = -2*c - 9. Let u(n) = 30*n + 291. Let q be u(-10). Give f(q).
9
Let u(n) = -1. Let j(f) = f**2 - 5. Let v(c) = 2*j(c) - 11*u(c). Let o(a) = 152*a + 454. Let p be o(-3). Calculate v(p).
9
Let c(m) be the third derivative of -7*m**4/24 - 5*m**3/3 - 200*m**2. Give c(-7).
39
Let m(w) be the third derivative of w**5/60 - w**4/24 - 2*w**3/3 - 2*w**2 + 77. Determine